 What is the units digit of r(w)?
0
Let l(i) = -i**3 - 3*i**2 + 2*i - 5. Let x be l(-4). Let g be 8/x - (-1)/3. Let p(n) = -n**2 + 3*n + 1. What is the units digit of p(g)?
1
Let t = -5 - -16. What is the units digit of t?
1
Suppose -j + 3*j - 2 = 0. Let i = j + 3. What is the units digit of i?
4
Let h = -1 - 1. Let c be -3*(-1 - h) - -13. Suppose 2*n - n - c = 0. What is the tens digit of n?
1
Let c(f) be the first derivative of f**3 - f - 2. Let x be c(-1). Suppose -3*a = 4*w - x, 0 = 3*a - 0*w - w - 22. What is the units digit of a?
6
Suppose -3*f = -p + 44, -p - 78 = -3*p + f. Suppose 0 = s - 4, c + 6*s = s + p. What is the units digit of c?
8
Suppose 2*z + 2*q - 98 - 120 = 0, 4*z - 2*q - 424 = 0. What is the hundreds digit of z?
1
Let v = 3 - 7. Let x be (6/4)/((-3)/v). Suppose 3*q - 36 = x*f - 10, 2*q = -4*f + 28. What is the tens digit of q?
1
Let p = -9 - -12. Suppose -2*w = -5*a - 44, a = -p*w - 0*w + 66. What is the units digit of w?
2
Suppose -3*m - 10 = -4*c, 0*m = 3*c - 2*m - 7. What is the units digit of (-3 + 2)/(c/(-19))?
9
Let m = 58 + 78. What is the units digit of m?
6
Let o be (-42)/4*(-8)/12. Suppose 4*y = -z + 18, -z + 3 + o = 2*y. Suppose a - 12 = -z*a. What is the units digit of a?
4
Let k = 65 - 59. What is the units digit of k?
6
Let p = 32 - 23. Let f = 9 - p. Suppose 7*i - 4*i - 15 = f. What is the units digit of i?
5
Let a be 1 - 128/(-1 - -3). What is the tens digit of a/(-4) - (-1)/4?
1
Let l(q) = 7*q**2. Let o be l(-1). Suppose o*x - 2*x = 5. What is the units digit of x?
1
Suppose 2*n + 2*a - 86 = 0, -4*n + a + 239 = n. What is the tens digit of n?
4
Let p(v) = v**3 + 6*v**2 - 5*v - 7. What is the hundreds digit of p(4)?
1
Let q(j) = -j**3 + j + 4. Let p be q(0). Suppose -4*m = p*w - 44, 10*w = 5*w + 25. What is the units digit of m?
6
What is the units digit of (-28)/(-15) + (-8)/(-60)?
2
Let z = 16 - 10. What is the tens digit of (-7)/((-63)/z)*18?
1
What is the tens digit of -5 + 19*(-4 + 5)?
1
Suppose 0 = 9*s - 133 - 227. What is the units digit of s?
0
What is the units digit of 188/6*(1 - (-7 + 5))?
4
Let k be 0 + 43 - (1 + -4). What is the units digit of (-1 + 3)*k/4?
3
Suppose 5*o + 47 = 3*b, 3*o - 2*b + 35 = -7*b. Let g = o + 6. What is the units digit of 2/(1/(g/(-1)))?
8
Let j = -39 + 70. What is the tens digit of j?
3
What is the units digit of -3 + -2 + 93/3?
6
Let q(x) = 10*x - 2. Let c(w) = 30*w - 6. Let b(d) = 6*c(d) - 17*q(d). What is the tens digit of b(2)?
1
Suppose -2 = -3*d - 17. Let f = d + 26. What is the units digit of f?
1
Let a(n) = 2*n**2 - 11*n - 32. What is the units digit of a(12)?
4
Suppose -24 + 0 = -3*d. Suppose -2*p = -d, 3*t = -5*p + 26 + 21. What is the units digit of t?
9
Let r be (4 - 3 - 0)*-3. Let f = -19 + 27. Let n = f + r. What is the units digit of n?
5
Let j(p) = p**3 + 2*p**2 + 6*p - 14. What is the hundreds digit of j(4)?
1
Let a be 326/22 + 8/44. Suppose -a = 5*p, 7*p = -2*t + 2*p - 11. What is the units digit of t?
2
Let f(o) be the second derivative of 5/12*o**4 - 7/2*o**2 + 0 + 1/3*o**3 + 2*o - 1/20*o**5. What is the units digit of f(5)?
3
Suppose 0 = j - 4 - 0. Suppose -123 = -3*f + 30. Suppose 0*v - 2*v - j*s = -26, 0 = -5*v - 3*s + f. What is the units digit of v?
9
Suppose 0 = 2*y + 2*y - 76. Suppose 62 = -5*s + a, -s - a = 4*s + 58. Let z = y + s. What is the units digit of z?
7
Let o(w) = -w**3 - 11*w**2 - 9. Let d be o(-12). Suppose 5*a + 15 = d. What is the tens digit of a?
2
Let m = 1 + 8. Suppose 4*p + m*f - 18 = 4*f, 2*f = -p + 6. What is the units digit of p?
2
Let z(o) = -o**3 - 7*o**2 + 3*o - 10. Let v be z(-8). What is the tens digit of v/(-20)*56/(-6)?
1
Suppose -5*g + 7*v - 2*v = 35, g - 4*v = -10. Let a(h) be the first derivative of -h**2 - 9*h + 6. What is the units digit of a(g)?
3
Suppose -225 + 41 = -8*x. What is the units digit of x?
3
Let g = -1 - -3. Suppose -4*p + 2*b - 7 = -9*p, -3*p = b - 5. Suppose -p*a + 7 = -g. What is the units digit of a?
3
Let z(l) = l**2 + 5*l + 15. What is the tens digit of z(-8)?
3
Suppose 2*z - 10 = 4*z. What is the units digit of (z + 1 - 2)/(-2)?
3
Suppose -4*d = -0*d - 32. What is the tens digit of (22/d)/((-2)/(-8))?
1
Let z(u) = u**2 + 2. Let r be z(0). Suppose 2*a + r*a = -36. Let i = a + 15. What is the units digit of i?
6
Let l be (-3)/12*-2*0. Let a = 2 + l. What is the units digit of 4/a - (0 + 0)?
2
Let u be (2 + -4)/((-2)/3). Suppose 3*p + u = 18. Suppose -v = a - 11, -a - a + 49 = p*v. What is the units digit of v?
9
Let f be 1*2 + 0/(-8). Suppose 0 = -3*i + 5*r + 8, -5*r - f - 2 = i. What is the units digit of i/(-3)*(-4 - -1)?
1
Let m = -3 - -3. Suppose -3*u = 4*d - 1, m = -2*d + 4*u + 28. What is the units digit of d?
4
Let c = -11 - -34. Suppose -l - 5 = -c. Suppose -r = -3*r + l. What is the units digit of r?
9
Let w = 0 + 1. What is the units digit of w/5 - (-248)/10?
5
Let o(m) = -11*m - 17. Let j be (3 + 2)*(-3 - -2). What is the tens digit of o(j)?
3
Suppose -5*r + 18 - 3 = 0. What is the units digit of 4/(1/(r/6))?
2
Let k = 15 - 7. Let r(y) = y + 13. Let s be r(-9). Let g = k - s. What is the units digit of g?
4
Let r(g) be the first derivative of -g**4/4 + 2*g**3 + 2*g**2 - 8*g + 4. Let a be r(6). What is the units digit of ((-4)/(-5))/(a/40)?
2
Let c(p) = -p**3 - p + 3. Let q be c(0). Suppose 0 = 5*f - 15, 5*f = -2*n - 3*n + 105. Suppose -q*v + 21 = -n. What is the units digit of v?
3
Let y(u) = u**3 + 6*u**2 - u + 1. Let m = 10 - 5. Let t = m - 11. What is the units digit of y(t)?
7
Let i(g) = g**2 + 8*g + 10. Let w be i(-7). Let h(s) = -s**3 + 4*s**2 - 4*s + 4. Let l be h(3). Let p = w - l. What is the units digit of p?
2
Suppose -225 + 895 = 4*j + 2*p, -4*j + 5*p = -677. Suppose -g = -5*g + j. Suppose -4*o + g = 5*m, -4*o - 6*m + 46 = -3*m. What is the units digit of o?
3
Let s = 3 + 1. What is the units digit of s?
4
Let t(n) = -4*n**2 + 6*n + 6. Let c(x) = -3*x**2 + 5*x + 5. Let a(v) = -3*c(v) + 2*t(v). What is the units digit of a(6)?
5
Let z = 127 + 195. Suppose 9*m = 2*m + z. What is the tens digit of m?
4
Let l = 2 + -4. Let c be 1 + 2 - (l - -4). Suppose -2*i = -5 + c. What is the units digit of i?
2
Let n(h) = h**2 - 11*h + 18. Let f be n(13). Let g(v) = v**3 + v**2 - 4*v + 1. Let l be g(-4). Let q = f + l. What is the tens digit of q?
1
Let d = -20 + 29. Suppose 3*i - 90 = -d. What is the units digit of i?
7
Suppose a - 76 + 4 = 0. Suppose -5*y + a = -28. What is the units digit of y?
0
Let x(j) = -11*j + 23. What is the hundreds digit of x(-11)?
1
Let u(a) = -21*a - 3. What is the tens digit of u(-2)?
3
Let p = 14 - 10. Suppose 19 = g - p*w, 4*g - 2*w = -0*w + 34. Suppose -g*o = -2*o - 15. What is the units digit of o?
3
Let h(b) = b**3 - 4*b**2 - 2*b - 4. Let o be h(5). Suppose o*d - 50 = 6*d. What is the units digit of d?
0
Suppose c - 2*c = 0. Let l(h) = h - 3 - 9*h + c*h - h**2. What is the units digit of l(-6)?
9
Suppose 3*z - 6*z + 15 = 0. Suppose -5*w = -4*j + 51, 0 = -3*j - 2*w + z*w + 42. What is the units digit of j?
9
Let x = 150 - 83. Suppose x = 3*o - 5*m, -5*o + m - 5*m = -50. What is the units digit of o?
4
Let p(y) = y**2 + 13*y + 4. Let b be p(-13). What is the units digit of (12 - b)/(2/4)?
6
Let u = 54 - 19. Let l = u - 14. What is the units digit of l?
1
Let p be ((-18)/(-8))/((-3)/(-36)). Suppose 5*q = 8 + p. What is the units digit of q?
7
Let g(m) = 9*m. Let r be 1 - 2 - 4/(-2). What is the units digit of g(r)?
9
Let x be 5 + (-3)/((-6)/(-4)). Suppose -6*m = -x*m - 72. What is the units digit of m?
4
Let n = 2 + 40. Suppose 3*i - 3 = n. What is the tens digit of i?
1
Suppose -2*v + 4*u + 52 = -v, 0 = -5*v + 3*u + 226. What is the tens digit of v?
4
Let k = 3 + 1. Suppose 5*i - 65 = -5*q, 67 = k*q - 2*i + i. What is the units digit of q/(-12)*3/(-2)?
2
Suppose -25 = -u + 3. What is the tens digit of u?
2
Suppose -5*y + 2 = -4*y, 2*y = -2*q + 42. Suppose 0 = -4*d - 4*w + 28, -d + w + w = -q. What is the tens digit of d?
1
Let b be (-1 + 2 - 19)/(-2). Let g = b - 7. Suppose l + 3*n - 9 = 0, -n + 2*n - g = 0. What is the units digit of l?
3
Let h(a) = a**2 + 7*a - 17. Let b be h(-7). Suppose -2 = 2*v - 4, -4*v + 28 = n. Let f = n + b. What is the units digit of f?
7
Let w be -2 - (2*-3 - 1). Suppose -w*p = -5 - 10. What is the units digit of p?
